n base 16, what is -2a5 - 3?
-2a8
In base 6, what is 3 + 332?
335
In base 15, what is -44 - 4b?
-90
In base 16, what is e - -c?
1a
In base 9, what is 5 + 330?
335
In base 12, what is -26a2 + 3?
-269b
In base 12, what is 34 - -6?
3a
In base 11, what is 5 + 112?
117
In base 5, what is -411 - 34?
-1000
In base 2, what is 110 + 11001?
11111
In base 9, what is -3 - -1374?
1371
In base 6, what is 130 - 22?
104
In base 13, what is 7 + 1ab?
1b5
In base 9, what is 2571 + 3?
2574
In base 13, what is -64 - -43?
-21
In base 5, what is 4 + 422?
431
In base 15, what is 15 - -9?
1e
In base 4, what is -121 + 23?
-32
In base 2, what is 10111 - -11001?
110000
In base 13, what is -c1 + -4?
-c5
In base 6, what is -5 - -114?
105
In base 14, what is 4 - -3d3?
3d7
In base 15, what is -62 + 5?
-5c
In base 3, what is 11 + -12001011?
-12001000
In base 16, what is -21 + -bd?
-de
In base 12, what is -121 + -10?
-131
In base 6, what is -15 - 10?
-25
In base 8, what is 152 - 5?
145
In base 3, what is -2121 - -20?
-2101
In base 8, what is -3064 + 11?
-3053
In base 15, what is 4 - -5e?
63
In base 15, what is 15 + 32?
47
In base 5, what is 12 + -4?
3
In base 9, what is 1 - -1274?
1275
In base 2, what is 11000110000111 + -10?
11000110000101
In base 10, what is 0 - -2705?
2705
In base 16, what is -6d - -4?
-69
In base 8, what is 16 + -221?
-203
In base 14, what is 40 - 40?
0
In base 12, what is -19 + -5?
-22
In base 8, what is 21 - -53?
74
In base 13, what is -58 + 2?
-56
In base 3, what is -1110 - 1222?
-10102
In base 14, what is 19b + 3?
1a0
In base 4, what is -31121 - 22?
-31203
In base 11, what is -5 - -37?
32
In base 8, what is 72 + -1?
71
In base 14, what is -8 + 2a?
22
In base 3, what is 12 + -20102201?
-20102112
In base 3, what is 11 - 2002?
-1221
In base 8, what is 3 - 50?
-45
In base 5, what is 10 - 1242?
-1232
In base 7, what is 160 - 25?
132
In base 13, what is -b1 + -6a?
-14b
In base 2, what is 1 + -11001010?
-11001001
In base 7, what is 3435 + 2?
3440
In base 3, what is -2111 - -122?
-1212
In base 6, what is 224 + 13?
241
In base 6, what is 3 + 1420?
1423
In base 5, what is 3422 - -23?
4000
In base 12, what is 17 + 9?
24
In base 2, what is -1 - 100000?
-100001
In base 7, what is -4 - -31?
24
In base 5, what is -220143 + -10?
-220203
In base 9, what is -4 + 2110?
2105
In base 8, what is 5 + -15?
-10
In base 4, what is -11031 - 1?
-11032
In base 15, what is -14 + 5d?
49
In base 5, what is 2 - 423?
-421
In base 3, what is -21 - 20002?
-20100
In base 14, what is 1 + 14?
15
In base 10, what is 3 - 4598?
-4595
In base 12, what is -43 + -2?
-45
In base 9, what is -1 - 11878?
-11880
In base 7, what is -100 + 14?
-53
In base 15, what is 109 + -1?
108
In base 13, what is 6 - -96?
9c
In base 16, what is 47 + -2?
45
In base 16, what is 3 + a9?
ac
In base 6, what is 3 - 34?
-31
In base 6, what is -2 + -14?
-20
In base 10, what is -1 + 1127?
1126
In base 2, what is 110100 + 1110?
1000010
In base 6, what is -12 - 303?
-315
In base 11, what is 8 + -51?
-44
In base 3, what is -2022 - 20210?
-100002
In base 16, what is -8c - -14?
-78
In base 9, what is -44 - 148?
-203
In base 2, what is -11111 + -1001?
-101000
In base 15, what is -1 + 119?
118
In base 11, what is 0 - -a2?
a2
In base 12, what is -16 - a?
-24
In base 2, what is -11001111 + 1?
-11001110
In base 8, what is -346 - -2?
-344
In base 4, what is -10 - -330?
320
In base 14, what is -1 - 47?
-48
In base 15, what is b - -16?
22
In base 11, what is -22 + -111a?
-1141
In base 13, what is 4 + -2099?
-2095
In base 6, what is -30000 - -3?
-25553
In base 4, what is -3121 - -10?
-3111
In base 5, what is 13213 - -1?
13214
In base 15, what is -2deb - -2?
-2de9
In base 6, what is -5 + 54225?
54220
In base 8, what is 176 + -4?
172
In base 7, what is -6 - 240?
-246
In base 3, what is -12 - 2000?
-2012
In base 13, what is -c - 20?
-2c
In base 7, what is -2 + 1256?
1254
In base 6, what is -3 + -1511?
-1514
In base 10, what is 9 - 952?
-943
In base 11, what is -394 - 2?
-396
In base 11, what is -3 + -10a?
-112
In base 5, what is 214 - 434?
-220
In base 7, what is -6 - 5432?
-5441
In base 14, what is -91 + 12?
-7d
In base 12, what is 5 + -85?
-80
In base 12, what is 60a1 - 5?
6098
In base 2, what is -111 - 100001101?
-100010100
In base 8, what is 2 + 1006?
1010
In base 4, what is 12 - -2011?
2023
In base 5, what is 4 + -210111?
-210102
In base 5, what is -14 + -233?
-302
In base 7, what is -20 - -253?
233
In base 15, what is -779 + 4?
-775
In base 8, what is -174 - 7?
-203
In base 8, what is 5 - -446?
453
In base 10, what is -3 - -7?
4
In base 14, what is -18 - 15?
-2d
In base 9, what is -26 - 10?
-36
In base 16, what is 39b5 + -2?
39b3
In base 14, what is 4 + a4?
a8
In base 10, what is 0 + -5633?
-5633
In base 14, what is -3 - -abb?
ab8
In base 10, what is -3 - 1070?
-1073
In base 9, what is -72 + -1?
-73
In base 6, what is -23134 + 1?
-23133
In base 9, what is 5 + -1073?
-1067
In base 5, what is -232 - -20?
-212
In base 11, what is 37 + -4?
33
In base 9, what is -13 - -4?
-8
In base 2, what is -1 + 10100110?
10100101
In base 16, what is -1 - 18cd?
-18ce
In base 12, what is 5 - -384?
389
In base 14, what is -28 - -3d0?
3a6
In base 5, what is -10 - 30?
-40
In base 15, what is 46 - -2?
48
In base 8, what is -1452 + 7?
-1443
In base 12, what is 4 - 12?
-a
In base 9, what is 417 - 1?
416
In base 12, what is 5 + 1379?
1382
In base 9, what is 21340 - 5?
21334
In base 15, what is -2a + 1?
-29
In base 6, what is 201 + 1?
202
In base 14, what is 14 - 18?
-4
In base 8, what is -5 - -1122?
1115
In base 6, what is -214 + 111?
-103
In base 13, what is 0 + -311?
-311
In base 4, what is -101 - -23?
-12
In base 6, what is 1 - -32?
33
In base 4, what is -31211 - 11?
-31222
In base 10, what is -41 + 4?
-37
In base 13, what is 266 + -1?
265
In base 14, what is 6 + -1a?
-14
In base 14, what is -4c9 - -4?
-4c5
In base 10, what is -459 - 5?
-464
In base 3, what is 10 + -1000?
-220
In base 8, what is -421 + 5?
-414
In base 14, what is 2b - 2?
29
In base 14, what is -92 - 0?
-92
In base 3, what is 1202 + -20?
1112
In base 12, what is 271 + 4?
275
In base 10, what is 95 - 141?
-46
In base 7, what is -2 + -4416?
-4421
In base 9, what is -13 - -408?
385
In base 2, what is 110010 - 10001?
100001
In base 9, what is -1 + 2268?
2267
In base 13, what is 54 - -4?
58
In base 7, what is -5 + 100?
62
In base 7, what is 331 - 34?
264
In base 15, what is 5 - -1a?
20
In base 10, what is -197 - -2?
-195
In base 2, what is -1 - 110000?
-110001
In base 4, what is 3000 - -102?
3102
In base 5, what is 10 - -121?
131
In base 12, what is -94 + -4?
-98
In base 14, what is -24 - -1?
-23
In base 7, what is 2 - -1230?
1232
In base 11, what is -1108 - 2?
-110a
In base 12, what is 1b9 - -7?
204
In base 5, what is 311021 - 10?
311011
In base 12, what is -16 - 8?
-22
In base 3, what is 21 - -200?
221
In base 7, what is -6 + -20?
-26
In base 12, what is -4221 + -4?
-4225
In base 2, what is 1001000101 + 10?
1001000111
In base 6, what is -1504 + -25?
-1533
In base 10, what is -56 - 34?
-90
In base 12, what is -11 - -68?
57
In base 14, what is 7 - -29b?
2a4
In base 7, what is 4 - 0?
4
In base 11, what is 0 - 265?
-265
In base 12, what is -1497 + -5?
-14a0
In base 11, what is 22 + 61?
83
In base 15, what is -be - -4?
-ba
In base 4, what is 1011032 - 1?
1011031
In base 2, what is -1110010 + 11100000?
1101110
In base 6, what is -4 + -10155?
-10203
In base 12, what is 4 - -115?
119
In base 13, what is 89 - -3?
8c
In base 15, what is 13 - 0?
13
In base 6, what is -5 + -10304?
-10313
In base 14, what is 82ac + -3?
82a9
In base 16, what is 19 + d?
26
In base 6, what is 5351 - -3?
5354
In base 12, what is 2 - 2?
0
In base 16, what is 4 + -bcb?
-bc7
In base 11, what is 132 + -44?
99
In base 2, what is 101100 + 1010?
110110
In base 5, what is 2 + 432?
434
In base 12, what is 1 - 2581?
-2580
In base 7, what is -2 + 13522?
13520
In base 3, what is -2200 + -21?
-2221
In base 2, what is 100100 - 0?
100100
In base 15, what is c74d - -4?
c752
In base 12, what is 27 - 10?
17
In base 5, what is -3 - -1010?
1002
In base 11, what is 1 + 92?
93
In base 10, what is -1 + 18?
17
In base 12, what is 36b - -24?
393
In base 9, what is -4 + 110?
105
In base 15, what is 1 + 6d8?
6d9
In base 16, what is 3 - 24?
-21
In base